he tens digit of h/p + (-146)/(-4)?
3
What is the thousands digit of (18 - (-18 - -10))/(-4)*-3048?
9
Suppose 5157*x + 581490 = 5187*x. What is the ten thousands digit of x?
1
Let k(r) = 5 - 10*r + 24*r - 47. What is the units digit of k(25)?
8
Let o(z) be the second derivative of 37*z**4/3 - 8*z**3/3 - 21*z**2 - 49*z. What is the units digit of o(-3)?
8
Suppose 470 = 30*r + 17*r. What is the tens digit of 901*(r/(-15))/((-6)/9)?
0
Suppose 49 = 2*m + 43. Let j be (-3 + m)/(18/6). What is the units digit of j + 4 + 3078/27?
8
What is the thousands digit of 1/(-7) - (-1251796)/637?
1
Let p be 2/(80/(-15) + 6). Suppose -912 = -3*c - 7*f + p*f, -2*c + 608 = -f. What is the units digit of c?
4
Let t be (3 - (2 - 1))*2. Let f be (-14)/t*(-80)/10. Suppose -25*c = -f*c + 450. What is the units digit of c?
0
Let s = -45 + 43. Let a be (s + -2 - 0) + 241. Suppose 10*x - 581 = 5*x + 4*m, -2*x = 3*m - a. What is the tens digit of x?
1
Let k be (-9)/(-3) + -1 + -3 + 1. Let a be (-4 - k) + 0 - -4. Suppose 5*w - 501 = -a*w + 4*m, -407 = -4*w - 3*m. What is the tens digit of w?
0
Suppose 7847 = 18*y - 7354 + 3843. What is the tens digit of y?
3
Let r(i) be the first derivative of 3*i + 3/2*i**2 + 9. What is the units digit of r(2)?
9
Let o = -3790 + 1888. Let i = 2810 + o. What is the hundreds digit of i?
9
Let a = -11 + 16. Suppose -4 = -a*d + 6. Suppose 0 = -0*z + 5*z + 2*t - 1200, -d*z + 461 = -3*t. What is the units digit of z?
8
Suppose -y + 10884 = -31*l + 34*l, -3*y - l = -32620. What is the tens digit of y?
7
Suppose -14*u - 36*u + 350 = 0. What is the tens digit of 27816/133 + (-1)/u?
0
Let h = -1125 - -9345. What is the units digit of h?
0
Let q = -163 - 204. Let a be ((-7656)/1056)/((-1)/(-28)). Let m = a - q. What is the tens digit of m?
6
Suppose 4*q + 5 = 13. Suppose -q*g + 70 = -470. What is the tens digit of g?
7
Suppose 45*r - 580348 + 107623 = 0. What is the tens digit of r?
0
Suppose 66*x - 87808 = 110*x - 51*x. What is the tens digit of x?
4
Suppose 7*d + 4*g = 6*d + 6198, -2*g + 24834 = 4*d. What is the units digit of d?
0
Let k(o) = -9*o - 3. Let p be k(-2). Suppose -1628 = -p*i + 11*i. What is the tens digit of i?
0
Let f(m) = 10*m**2 + 3*m + 2. Let r be -2 + 2 + -3 - -34. Let x = 28 - r. What is the units digit of f(x)?
3
Let k = 74233 + -39085. What is the units digit of k?
8
Let o = -34973 + 50227. What is the ten thousands digit of o?
1
Suppose -142 = -5*u + 128. Let w = u - 54. Suppose -x + 52 = -w*x. What is the units digit of x?
2
Let x = 364 + 104. Suppose 0 = -5*h - 2445 + 2465. Suppose -h*a - d = -x, -315 = -3*a + 2*d + 47. What is the units digit of a?
8
Let g be 190/(-1235) + 7986/26. Let f = 1 - -2. Suppose 0 = -f*p + g + 173. What is the tens digit of p?
6
Let a(i) = -4367*i - 4142. What is the hundreds digit of a(-7)?
4
Let g = 19655 + -5098. What is the hundreds digit of g?
5
Let w = -339 - -519. Suppose 0 = -14*y + 1593 - 95. Let z = w - y. What is the tens digit of z?
7
Let q(j) be the third derivative of j**6/120 - j**5/5 - j**4/8 + 7*j**3/2 - 3*j**2 + 37. What is the units digit of q(13)?
1
Let o = 32734 + 2375. What is the hundreds digit of o?
1
Let j = -29 - -32. Suppose -5*v = -n - 1, j*n + 1 = 13. What is the hundreds digit of (3 - v) + 0 + 148?
1
Let g(y) = 58*y - 84. Let p be g(8). Suppose -5*t + 6*t = 3*w - p, -120 = -w - t. What is the hundreds digit of w?
1
Let i = -142 + 145. Suppose 10*g - 617 = -2*s + 11*g, i*g + 1233 = 4*s. What is the hundreds digit of s?
3
Let u = -28 - -31. What is the units digit of 874/u + 16/24?
2
Let u be (-11 - 4)/((-12)/4). Suppose 0 = 5*s - u*r - 3720, 2*s - 7*r - 1453 = -12*r. What is the hundreds digit of s?
7
Let r(j) = j**2 - 3*j - 3. Let f be r(6). Let s(u) = -4*u**2 - 12*u - 45. Let k be s(f). What is the tens digit of -3*6/(-63) + k/(-7)?
6
Suppose 0 = -3*g + f - 2066, 45*f = 4*g + 48*f + 2759. Let a = g + 1064. What is the units digit of a?
5
Let g be (8 - 0)/(3/(-6)). What is the tens digit of 469/(-2)*g/14?
6
Suppose q + 4 = 2*u, -4*q + 5*u + 5 = 9. Suppose 3*n + 477 + 186 = q*b, 5*b - 5*n - 830 = 0. What is the hundreds digit of b?
1
Suppose -5*b + 73*g - 68*g - 80 = 0, -g - 84 = 4*b. Let h(d) = -d**3 - 16*d**2 + 33*d - 38. What is the units digit of h(b)?
2
Suppose 23*d - 56 = 36. Suppose 4*u - 4095 = -3*v, -d*u + u = 5*v - 3074. What is the units digit of u?
3
What is the units digit of (-99)/(11 - (-4824)/(-438))?
7
Let n = -93 + 96. Suppose 6 = -n*c + 9. What is the units digit of ((-3)/(-2))/(-3*c/(-70))?
5
Let n(s) = -56*s**3 - 19*s**2 - 3*s + 1. What is the ten thousands digit of n(-6)?
1
Let v be (1421 - (2 + -3)) + 2. Let c = v + -531. What is the tens digit of c?
9
Let a be (12 + -11)/((-2)/(-2)) + 384. Suppose 2*u - a = 355. What is the hundreds digit of u?
3
Suppose 98*l + 2110108 = 166*l. What is the thousands digit of l?
1
Suppose 62*a - 1180128 - 1179410 = -563150. What is the thousands digit of a?
8
Let b(v) be the third derivative of v**6/120 - v**5/60 + 385*v**3/6 - 175*v**2. What is the tens digit of b(0)?
8
Suppose -m + 10 = g - 0*m, -5*m = 3*g - 20. Suppose 10*d - g = 7*d. Suppose -239 = -3*h + d*l - 60, 4*l - 20 = 0. What is the units digit of h?
8
Let c be (632 - 5) + 6 + (-3)/1. Suppose 0 = -5*l + 9*b - 7*b - 1543, -2*l = -4*b + c. What is the units digit of (l - -1)*46/(-69)?
4
What is the thousands digit of (-798906)/(-54) - (-70)/(-126)?
4
Let v(a) = -3*a**3 - 9*a**2 - 11*a - 10. Suppose 26*p + 0 = -156. What is the tens digit of v(p)?
8
Let x(m) = 61*m + 16. Suppose 4*w - 5*w = -2. What is the tens digit of x(w)?
3
Let w(s) = -8*s - 5. Suppose 8 = i + 9. Let r be w(i). Suppose -2*l - 73 = -r*l. What is the tens digit of l?
7
Let k be (-221)/(-39) - 4/6. Suppose -3*j - 72 = -8*h + 3*h, -h + 32 = -k*j. Let i = 50 + h. What is the tens digit of i?
6
Suppose 5*v - 325453 = -3*i, 86*i = -5*v + 81*i + 325455. What is the units digit of v?
0
Let o(s) = 2*s**2 + 86*s + 1216. What is the tens digit of o(-15)?
7
Suppose 44 = 3*g + 20. What is the units digit of ((g/6)/4)/((-14)/(-12978))?
9
Let y = -9198 - -30832. What is the tens digit of y?
3
Let v(p) = 17*p**2 - 29*p + 24. Let m(w) = -18*w**2 + 30*w - 24. Let k(q) = 3*m(q) + 4*v(q). What is the hundreds digit of k(7)?
5
Suppose -4*j + 2*m - 2 = 14, 4*m = 5*j + 23. Let t(p) be the third derivative of -p**6/60 - p**5/30 + p**4/6 - 9*p**2 + 10. What is the tens digit of t(j)?
2
Suppose 2*f - 2*p - 11268 = 0, -93*f + 88*f = 5*p - 28130. What is the tens digit of f?
3
Suppose -2*r = 223 - 241. Let o(q) = 95*q + 15. What is the units digit of o(r)?
0
What is the units digit of ((-242313)/444)/((-2)/24*1)?
9
Let s be (-21609)/(-18) - 4/(-8). Suppose 3*a - s = 2732. What is the hundreds digit of a?
3
Suppose -6 = -y + 4*l, -y + 3*l = 7*l + 2. Suppose -y*o + 36*o = 9656. What is the hundreds digit of o?
2
Let y = -16072 + 27420. What is the hundreds digit of y?
3
What is the tens digit of (-494809)/(-28) + (-41)/(-164)?
7
Suppose 12555*r = 12577*r - 1201684. What is the hundreds digit of r?
6
Suppose 2*s - r - 4 = 0, 11*s = 12*s - r - 1. Suppose -s*c + 739 = -143. What is the hundreds digit of c?
2
Let n be 8/(-12)*((-84)/(-8))/7. What is the tens digit of (215/10)/(n/(-18))?
8
Suppose -2*u = -3*h - 17, 2*u - 1 = -2*u - 5*h. Suppose -2*d + 474 = 2*k, -6*d + 5*d = -u*k - 217. What is the tens digit of d?
3
Let s(d) = -d**3 + 30*d**2 + 35*d - 121. Let t be s(31). Suppose 5*a - 2*a + 4*r - 749 = 0, -t*a + 751 = 5*r. What is the units digit of a?
7
Let t be (5 + -5 - -1) + -3. Let m be t/3*(-195)/26. Let i(a) = 44*a + 8. What is the hundreds digit of i(m)?
2
Let m(j) = 875*j - 12117. What is the hundreds digit of m(22)?
1
Suppose 3476 = 28*n - 192. Let v = n + 41. What is the tens digit of v?
7
Let x be (-7 + 162/12)*2*2027. Suppose x + 70369 = 60*u. What is the thousands digit of u?
1
Suppose -s = 3*s - 3*i + 91, 2*s = -i - 33. What is the hundreds digit of (1 - s)*((-525)/(-10))/7?
1
Let s = -14756 + 18903. What is the hundreds digit of s?
1
Let p = -43037 - -60541. What is the tens digit of p?
0
Let a(x) = 130*x**2 - 4848*x + 39. What is the tens digit of a(43)?
4
Suppose -962 = -5*r - 2*s + 5581, -2*s - 2 = 0. What is the thousands digit of r?
1
Suppose 4*i + 50535 = 5*h, -5*h - 12*i + 9*i = -50500. 